*v. Let o = -2 + v. What is the units digit of (-1)/(-2 + o - 1)?
1
Suppose 131 = 4*s - 9. What is the tens digit of s?
3
Suppose -5*d - 5*r = -225, -4*d - 3*r + 183 = -0*r. Suppose 0*a - d = -3*a. What is the tens digit of a?
1
Suppose 4*l + 725 = 5*r + 9*l, 2*r = 2*l + 274. What is the hundreds digit of r?
1
Let l = -16 + 26. Let u be l/(-25) - (-47)/5. Suppose -2*j + 15 + u = 0. What is the units digit of j?
2
Suppose 5*v + 2*q = 3*v + 18, 4*v - q - 11 = 0. What is the units digit of v?
4
Let z(a) = -2*a**2 + 9*a - 1. Let x(i) = -i**2 + i. Let k(d) = -x(d) + z(d). Let m(b) = b + 19. Let y be m(-13). What is the units digit of k(y)?
1
Let z = 49 + -29. Suppose z = 4*h, 2*p - 9 = -p + 3*h. What is the units digit of p?
8
What is the hundreds digit of -1 + (-3)/(-9) - (-2823)/9?
3
Suppose -3*y + 0*y = -3. What is the units digit of y?
1
Let n be (3/3 + -4)/1. Let x(q) = -q + 1. What is the units digit of x(n)?
4
Let c(q) = q**2 - 2*q - 5*q - 2*q**2 + 2*q**2 + 6. What is the units digit of c(7)?
6
Let p(h) = 22*h**3 - 5*h**2 - 2*h + 2. Let r(y) = -11*y**3 + 3*y**2 + y - 1. Let c(g) = 4*p(g) + 7*r(g). What is the tens digit of c(1)?
1
Let u(d) be the first derivative of d**2 - d + 2. What is the units digit of u(1)?
1
Suppose 5*k - 3*l = 994, -5*k + 0*l = -5*l - 1000. What is the tens digit of k?
9
Suppose -8*o = -131 - 501. What is the units digit of o?
9
Let q(k) be the first derivative of -1/2*k**2 + 9*k - 2 - 1/3*k**3 + 1/4*k**4. What is the units digit of q(0)?
9
Let j(b) = -b**2 - 7*b + 9. Let w be j(-7). Let h = -4 + w. Suppose 3*i - h*k + 2 = 1, 0 = 5*i - 3*k - 9. What is the units digit of i?
3
Let p = 5 + 0. Let a = 5 - p. Suppose a = 4*u - 5 - 15. What is the units digit of u?
5
Let b be 2/(0 + 1) - 86. Let i = b + 118. What is the tens digit of i?
3
Let y(v) be the second derivative of v**7/1260 + v**5/60 - v**4/12 + v. Let c(u) be the third derivative of y(u). What is the units digit of c(-2)?
0
Let h(s) = 6*s**3 + 2*s**2 - 2*s + 1. Let p(w) = w - 11. Let m be p(5). Let l = -5 - m. What is the units digit of h(l)?
7
Suppose 2*i = 66 + 30. What is the tens digit of i?
4
Let d(k) = -k**3 + 5*k**2 - k - 4. Let b be d(3). Let l be ((-3)/2)/(6/(-20)). Suppose u = 2*i - 3, -l*i + 19 = 2*u - b. What is the units digit of i?
4
Let d(s) = s - 15. Let l be d(10). What is the units digit of 69/5 - l/25?
4
Let v(y) = 2*y - 2*y**2 + 3 - 3*y**3 - 2 + 3 - 1. What is the units digit of v(-2)?
5
Suppose -4 = -2*c - 2. What is the tens digit of (18/21)/(c/14)?
1
Suppose 3*a + 25 = 5*r, 2*r - 2 - 9 = a. Let v(g) = -g + 1. Let l be v(-1). Suppose -3*m = 4*i + r, -4*m + 4*i = l*i - 26. What is the units digit of m?
4
Let l(q) = -8*q. What is the tens digit of l(-6)?
4
Suppose 3*r - a + 9 = 0, -r - 6*a + a = 3. Let d be 2*(-1 - r) + -2. Suppose -3*y + d*y = -5. What is the units digit of y?
5
Suppose -4*o - 8 = 2*s, 0 = -s + 3*s - 3*o - 20. Suppose 87 = 7*f - s*f. What is the units digit of f?
9
Let g be 2/(-3)*21/(-2). Let u be (13 + -12)/((-2)/(-4)). Suppose g*n - u*n = 50. What is the tens digit of n?
1
Let m(d) = 34*d + 68. What is the hundreds digit of m(4)?
2
Let j = 90 - 26. What is the tens digit of j?
6
Let w = 359 - 234. What is the units digit of w?
5
Suppose 0 = -5*q + 789 + 201. What is the tens digit of q?
9
Let v be (8/16)/(1/(-2)). What is the units digit of 0/11 - 8/v?
8
What is the tens digit of (-3 - -3)*-1 - -14?
1
Suppose -5*s = 3*y - 75, -5*s = -5*y - 3*s + 94. What is the units digit of y?
0
What is the units digit of (0 - (-69)/(-2))*-2?
9
Let c = -84 - -56. Let j = c + 42. What is the units digit of j?
4
Let q(a) = 3*a**3 + 0 - 2*a**3 + 3. Let y be q(3). Suppose 4*w = -w + y. What is the units digit of w?
6
Let b = 8 - 6. What is the units digit of b?
2
Suppose -5 = -k - 0. Suppose k*x = 25, -2*m - x + 14 = -5. What is the units digit of m?
7
Suppose -4*o + 232 + 64 = 0. What is the units digit of o?
4
Suppose -4*k + 168 = 4*a, 152 = 7*a - 3*a - 4*k. What is the tens digit of a?
4
Let t(q) = q**3 - 4*q**2 + 5*q - 2. Let c be t(3). Suppose c = -f - 2. What is the units digit of ((-4)/f)/(2/6)?
2
Let m(r) = 8*r - 4. Let g be m(7). Suppose -4*o = 2*j + 19 - 99, -4*j = 2*o - g. What is the units digit of o?
8
Suppose -5*m + 2 = -0*m - 2*b, b = 3*m - 1. Suppose m = -2*t + 6*t - 220. What is the units digit of t?
5
Suppose -2*g = 4, -f + 3*g = -8 - 0. Let v = f - 2. Suppose v = -4*n - 0 + 12. What is the units digit of n?
3
Suppose 2*s = -0*s + 60. What is the units digit of s?
0
Let f be (8/6)/((-3)/9). Let i be 11/2 + f/8. Suppose 2*y = -3*n + 8, -16 = -i*n + y + 19. What is the units digit of n?
6
Suppose 2*z - 3*z = 20. Let c be 171/(-5) + (-2)/(-10). Let h = z - c. What is the tens digit of h?
1
Suppose 1120 = 5*p - 5*b, 0 = 3*p - 6*p + 4*b + 676. What is the tens digit of p?
2
Let j = 12 - 10. Let v(x) = -x + 6. What is the units digit of v(j)?
4
Let l be ((-3)/6)/((-2)/(-4)). Let q be l*(-4 - 0) + -1. Suppose -2*o + 15 = -3*v, v - 8 - q = -2*o. What is the units digit of o?
6
Let z(t) = -1 - t + 3*t - t. Let x = -4 - -8. What is the units digit of z(x)?
3
What is the tens digit of -4 - (-7)/((-21)/(-120))?
3
Let s(r) = r + 7. Let m(x) = -x - 6. Let l(y) = -6*m(y) - 5*s(y). Let o be l(-7). Let f = o + 16. What is the tens digit of f?
1
Let a = 99 + -88. What is the tens digit of a?
1
Suppose -5*b + 7 = -6*b. Let w = 12 + b. Suppose 2*p - w = 3*n + 9, 0 = 4*p - 5*n - 26. What is the units digit of p?
4
Suppose 153 = 4*t - 3*m, -50 = -t + 2*m - 18. What is the tens digit of t?
4
Let x = -3 - -7. Suppose l - x*y = -12, -2*l - y = 2*y - 20. What is the units digit of l?
4
Let w be (-8)/(-20) + (-18)/(-5). Suppose 3*n + 2 = w*n. Suppose 10 = -n*m + 7*m. What is the units digit of m?
2
Let j(b) = -b**3 - b**2 - b + 1. Let o(z) = -6*z**3 - 16*z**2 - 10*z + 2. Let x(r) = 5*j(r) - o(r). What is the tens digit of x(-10)?
5
Suppose 5*x + 52 = 7*x. What is the tens digit of x?
2
Suppose -5*c = -3*c. Let h = 26 + c. Suppose -5*p + h = 1. What is the units digit of p?
5
Let c = -24 + 47. What is the units digit of c?
3
Let t(u) = -u**2 - 5*u - 1. Let m be t(-4). Suppose 0*p = -4*y - p - 31, m*y + p + 23 = 0. Let j = 14 + y. What is the units digit of j?
6
Suppose -3*z - z = 0. Suppose -5*r + 4 - 14 = z. What is the units digit of (-3 + 2*r)*-1?
7
Suppose 4*n - 2 = -5*u + 33, 5*u + 35 = 3*n. Suppose m + a - n = -0*m, -3*m + 2*a + 5 = 0. What is the units digit of m?
5
Suppose 0*c - 10 = -5*c - 2*l, l = 5. Suppose 0 = -c*v + 4*v - 16. What is the units digit of v?
4
Suppose 6*k + 11 = -7. What is the units digit of -13*(k + 1) + -2?
4
Suppose 3*f - 72 = -12. What is the tens digit of f?
2
Suppose 3*u + 7 + 2 = 0, -4*u = 2*r - 50. Suppose 3*g + 4*o - 11 = 38, 0 = -2*g - 3*o + r. What is the units digit of g?
3
Let o = -36 - -25. Let k = -23 - o. Let t = -5 - k. What is the units digit of t?
7
Let a(z) = -2*z - 3. Let q be a(-3). Suppose 7*w - q*w = -2*n + 24, -2*w + 16 = 2*n. What is the units digit of n?
4
Let q = 39 + -17. What is the tens digit of q?
2
Suppose 0*i = i. Let q(b) = -b**2 + b + 3. Let r be q(i). Suppose -5*x - r*c = -25, 3*x - x = -4*c + 10. What is the units digit of x?
5
Suppose -4*i - 5*u + 181 = 0, 0*u - 3*u + 54 = i. What is the units digit of i?
9
Let g(c) = -c**3 + 11*c**2 + 14*c - 22. What is the hundreds digit of g(10)?
2
Suppose -316 = -13*y + 191. What is the units digit of y?
9
Let r = 2 + 17. What is the tens digit of r?
1
Let w(n) = 126*n - 4. What is the tens digit of w(1)?
2
Suppose -13 = f - 3*j, -2*f - 1 = -3*j + 10. Suppose 3*a - 25 = 68. Suppose o - 4*o - 7 = k, -3*o = -f*k + a. What is the units digit of k?
8
Let q(j) = -2*j - 4. What is the units digit of q(-10)?
6
Let c = 20 - 11. Let x = c - -2. What is the units digit of x?
1
What is the tens digit of (-40 + 2)/(-3 + 78/30)?
9
Suppose -y = -2*o - 8 - 24, 4*y - 2*o - 122 = 0. Let d = -11 + y. What is the tens digit of d?
1
Suppose 27*q - 280 = 23*q. What is the units digit of q?
0
Let i(r) be the second derivative of r**4/6 - 5*r**3/3 + 13*r**2/2 - 7*r. What is the tens digit of i(6)?
2
Let z be 0 - (-2 + 1)*-5. Let t = -2 - z. Suppose 38 = t*k + 5. What is the units digit of k?
1
Let n = -12 - -7. Let x be 4/6 + n/3. Let g(r) = 13*r**2 + 1. What is t